{"id":4012,"date":"2022-11-21T13:58:32","date_gmt":"2022-11-21T12:58:32","guid":{"rendered":"https:\/\/www.si-franconville.fr\/?page_id=4012"},"modified":"2023-02-22T09:41:50","modified_gmt":"2023-02-22T08:41:50","slug":"nos-maires-de-1800-a-2023","status":"publish","type":"page","link":"https:\/\/www.si-franconville.fr\/index.php\/nos-maires-de-1800-a-2023\/","title":{"rendered":"Nos maires de 1800 \u00e0 2023"},"content":{"rendered":"<p><span style=\"font-family: arial, helvetica, sans-serif; font-size: 14pt; background-color: #ff9900; color: #000000;\">\u00a0D&rsquo;ou viennent nos maires .<\/span><\/p>\n<p>&nbsp;<\/p>\n<p><span style=\"font-family: arial, helvetica, sans-serif;\">A noter: la liste comprend les maires qui ont exercer de quelques mois, en int\u00e9rim et plus, ne sont pas mentionn\u00e9s ceux dont le vote a \u00e9t\u00e9 refait la semaine d&rsquo;apr\u00e8s et qui n&rsquo;ont pas \u00e9t\u00e9 \u00e9lu.<\/span><\/p>\n<p><img loading=\"lazy\" decoding=\"async\" class=\"alignnone wp-image-4181 size-full\" src=\"https:\/\/www.si-franconville.fr\/wp-content\/uploads\/2023\/02\/Maires-liste-simple2.jpg\" alt=\"\" width=\"793\" height=\"1122\" srcset=\"https:\/\/www.si-franconville.fr\/wp-content\/uploads\/2023\/02\/Maires-liste-simple2.jpg 793w, https:\/\/www.si-franconville.fr\/wp-content\/uploads\/2023\/02\/Maires-liste-simple2-212x300.jpg 212w, https:\/\/www.si-franconville.fr\/wp-content\/uploads\/2023\/02\/Maires-liste-simple2-424x600.jpg 424w, https:\/\/www.si-franconville.fr\/wp-content\/uploads\/2023\/02\/Maires-liste-simple2-768x1087.jpg 768w, https:\/\/www.si-franconville.fr\/wp-content\/uploads\/2023\/02\/Maires-liste-simple2-620x877.jpg 620w\" sizes=\"auto, (max-width: 793px) 100vw, 793px\" \/><\/p>\n<p><span style=\"font-family: arial, helvetica, sans-serif;\">\u00a0<\/span><\/p>\n<p><span style=\"font-family: arial, helvetica, sans-serif;\">Liste des maires de 1800 \u00e0 2023<\/span><\/p>\n<p><span style=\"font-family: arial, helvetica, sans-serif;\">Bertin Pierre Antoine,Guichard Jean Baptiste, le Boucq Antoine,Drouet Jean Toussaint,\u00a0 Bouju Guillaume Robert, Leclerc Louis Philippe, Bouju Philippe Robert Xavier, Faucon Louis Placide, Jugier Antoine Fran\u00e7ois, Bertin Jean Cortez, de Perthuis Emile, Chenel Fran\u00e7ois, Vedy Nicolas, Deribaucourt Louis Charles F\u00e9lix, Baudier Louis Augustin, Lucas Toussaint, Bonne Claude, Leredu Georges, Bigeard Albert, Gentil Emile, Lagoutte Claude, Bucourt Octave, Grosdemange Ferdinand, Fournier Georges, Blond\u00e9 Andr\u00e9, Brunet Annie, Delattre Francis, Melki Xavier<br \/>\n<\/span><\/p>\n<p><span style=\"font-family: arial, helvetica, sans-serif;\">\u00a0<\/span><\/p>\n","protected":false},"excerpt":{"rendered":"<p>\u00a0D&rsquo;ou viennent nos maires . &nbsp; A noter: la liste comprend les maires qui ont exercer de quelques mois, en int\u00e9rim et plus, ne sont pas mentionn\u00e9s ceux dont le vote a \u00e9t\u00e9 refait la semaine d&rsquo;apr\u00e8s et qui n&rsquo;ont pas \u00e9t\u00e9 \u00e9lu. \u00a0 Liste des maires de 1800 \u00e0 2023 Bertin Pierre Antoine,Guichard Jean [&hellip;]<\/p>\n","protected":false},"author":1,"featured_media":0,"parent":0,"menu_order":0,"comment_status":"closed","ping_status":"closed","template":"","meta":{"_monsterinsights_skip_tracking":false,"_monsterinsights_sitenote_active":false,"_monsterinsights_sitenote_note":"","_monsterinsights_sitenote_category":0,"footnotes":""},"class_list":["post-4012","page","type-page","status-publish","hentry"],"aioseo_notices":[],"_links":{"self":[{"href":"https:\/\/www.si-franconville.fr\/index.php\/wp-json\/wp\/v2\/pages\/4012","targetHints":{"allow":["GET"]}}],"collection":[{"href":"https:\/\/www.si-franconville.fr\/index.php\/wp-json\/wp\/v2\/pages"}],"about":[{"href":"https:\/\/www.si-franconville.fr\/index.php\/wp-json\/wp\/v2\/types\/page"}],"author":[{"embeddable":true,"href":"https:\/\/www.si-franconville.fr\/index.php\/wp-json\/wp\/v2\/users\/1"}],"replies":[{"embeddable":true,"href":"https:\/\/www.si-franconville.fr\/index.php\/wp-json\/wp\/v2\/comments?post=4012"}],"version-history":[{"count":5,"href":"https:\/\/www.si-franconville.fr\/index.php\/wp-json\/wp\/v2\/pages\/4012\/revisions"}],"predecessor-version":[{"id":4183,"href":"https:\/\/www.si-franconville.fr\/index.php\/wp-json\/wp\/v2\/pages\/4012\/revisions\/4183"}],"wp:attachment":[{"href":"https:\/\/www.si-franconville.fr\/index.php\/wp-json\/wp\/v2\/media?parent=4012"}],"curies":[{"name":"wp","href":"https:\/\/api.w.org\/{rel}","templated":true}]}}