{"id":2003,"date":"2020-04-04T09:58:17","date_gmt":"2020-04-04T07:58:17","guid":{"rendered":"http:\/\/www.si-franconville.fr\/?page_id=2003"},"modified":"2022-05-11T17:36:26","modified_gmt":"2022-05-11T15:36:26","slug":"rue-de-paris-1962","status":"publish","type":"page","link":"https:\/\/www.si-franconville.fr\/index.php\/rue-de-paris-1962\/","title":{"rendered":"Rue de Paris 1962"},"content":{"rendered":"<table style=\"border-collapse: collapse; width: 63.9567%; height: 38px;\">\n<tbody>\n<tr>\n<td style=\"width: 100%;\"><span style=\"font-family: arial, helvetica, sans-serif; font-size: 14pt;\"><span style=\"background-color: #ff9900;\">\u00a0Plan de 1962 avant la r\u00e9novation<\/span> <\/span><\/td>\n<\/tr>\n<\/tbody>\n<\/table>\n<table style=\"border-collapse: collapse; width: 63.9566%;\">\n<tbody>\n<tr>\n<td style=\"width: 100%;\"><span style=\"font-family: arial, helvetica, sans-serif; font-size: 14pt; background-color: #ffffff;\">Rue du G\u00e9n\u00e9ral Leclerc<\/span><\/td>\n<\/tr>\n<\/tbody>\n<\/table>\n<p><img loading=\"lazy\" decoding=\"async\" class=\"alignnone wp-image-2009 size-full\" src=\"http:\/\/www.si-franconville.fr\/wp-content\/uploads\/2020\/04\/Rue-dErmont-scaled.jpg\" alt=\"\" width=\"1865\" height=\"2560\" srcset=\"https:\/\/www.si-franconville.fr\/wp-content\/uploads\/2020\/04\/Rue-dErmont-scaled.jpg 1865w, https:\/\/www.si-franconville.fr\/wp-content\/uploads\/2020\/04\/Rue-dErmont-219x300.jpg 219w, https:\/\/www.si-franconville.fr\/wp-content\/uploads\/2020\/04\/Rue-dErmont-437x600.jpg 437w, https:\/\/www.si-franconville.fr\/wp-content\/uploads\/2020\/04\/Rue-dErmont-768x1054.jpg 768w, https:\/\/www.si-franconville.fr\/wp-content\/uploads\/2020\/04\/Rue-dErmont-1119x1536.jpg 1119w, https:\/\/www.si-franconville.fr\/wp-content\/uploads\/2020\/04\/Rue-dErmont-1492x2048.jpg 1492w, https:\/\/www.si-franconville.fr\/wp-content\/uploads\/2020\/04\/Rue-dErmont-620x851.jpg 620w\" sizes=\"auto, (max-width: 1865px) 100vw, 1865px\" \/><\/p>\n<table style=\"border-collapse: collapse; width: 100%;\">\n<tbody>\n<tr>\n<td style=\"width: 100%;\"><span style=\"font-family: arial, helvetica, sans-serif; font-size: 14pt; background-color: #ffffff;\">La rue d&rsquo;Ermont<\/span><\/td>\n<\/tr>\n<\/tbody>\n<\/table>\n<p><img loading=\"lazy\" decoding=\"async\" class=\"alignnone wp-image-2004 size-full\" src=\"http:\/\/www.si-franconville.fr\/wp-content\/uploads\/2020\/04\/Rue-de-Paris-0-scaled.jpg\" alt=\"\" width=\"1865\" height=\"2560\" srcset=\"https:\/\/www.si-franconville.fr\/wp-content\/uploads\/2020\/04\/Rue-de-Paris-0-scaled.jpg 1865w, https:\/\/www.si-franconville.fr\/wp-content\/uploads\/2020\/04\/Rue-de-Paris-0-219x300.jpg 219w, https:\/\/www.si-franconville.fr\/wp-content\/uploads\/2020\/04\/Rue-de-Paris-0-437x600.jpg 437w, https:\/\/www.si-franconville.fr\/wp-content\/uploads\/2020\/04\/Rue-de-Paris-0-768x1054.jpg 768w, https:\/\/www.si-franconville.fr\/wp-content\/uploads\/2020\/04\/Rue-de-Paris-0-1119x1536.jpg 1119w, https:\/\/www.si-franconville.fr\/wp-content\/uploads\/2020\/04\/Rue-de-Paris-0-1492x2048.jpg 1492w, https:\/\/www.si-franconville.fr\/wp-content\/uploads\/2020\/04\/Rue-de-Paris-0-620x851.jpg 620w\" sizes=\"auto, (max-width: 1865px) 100vw, 1865px\" \/><\/p>\n<table style=\"border-collapse: collapse; width: 100%;\">\n<tbody>\n<tr>\n<td style=\"width: 100%;\"><span style=\"font-family: arial, helvetica, sans-serif; font-size: 14pt; background-color: #ffffff;\">La grande-Cour<\/span><\/td>\n<\/tr>\n<\/tbody>\n<\/table>\n<p><img loading=\"lazy\" decoding=\"async\" class=\"alignnone wp-image-2010 size-full\" src=\"http:\/\/www.si-franconville.fr\/wp-content\/uploads\/2020\/04\/Rue-Paris-1-scaled.jpg\" alt=\"\" width=\"1865\" height=\"2560\" srcset=\"https:\/\/www.si-franconville.fr\/wp-content\/uploads\/2020\/04\/Rue-Paris-1-scaled.jpg 1865w, https:\/\/www.si-franconville.fr\/wp-content\/uploads\/2020\/04\/Rue-Paris-1-219x300.jpg 219w, https:\/\/www.si-franconville.fr\/wp-content\/uploads\/2020\/04\/Rue-Paris-1-437x600.jpg 437w, https:\/\/www.si-franconville.fr\/wp-content\/uploads\/2020\/04\/Rue-Paris-1-768x1054.jpg 768w, https:\/\/www.si-franconville.fr\/wp-content\/uploads\/2020\/04\/Rue-Paris-1-1119x1536.jpg 1119w, https:\/\/www.si-franconville.fr\/wp-content\/uploads\/2020\/04\/Rue-Paris-1-1492x2048.jpg 1492w, https:\/\/www.si-franconville.fr\/wp-content\/uploads\/2020\/04\/Rue-Paris-1-620x851.jpg 620w\" sizes=\"auto, (max-width: 1865px) 100vw, 1865px\" \/><\/p>\n<table style=\"border-collapse: collapse; width: 100%;\">\n<tbody>\n<tr>\n<td style=\"width: 100%;\"><span style=\"font-size: 14pt; background-color: #ffffff;\">De l \u00e9glise \u00e0 la rue de La Station<\/span><\/td>\n<\/tr>\n<\/tbody>\n<\/table>\n<p><img loading=\"lazy\" decoding=\"async\" class=\"alignnone wp-image-2011 size-full\" src=\"http:\/\/www.si-franconville.fr\/wp-content\/uploads\/2020\/04\/Rue-de-Paris-2-scaled.jpg\" alt=\"\" width=\"1865\" height=\"2560\" srcset=\"https:\/\/www.si-franconville.fr\/wp-content\/uploads\/2020\/04\/Rue-de-Paris-2-scaled.jpg 1865w, https:\/\/www.si-franconville.fr\/wp-content\/uploads\/2020\/04\/Rue-de-Paris-2-219x300.jpg 219w, https:\/\/www.si-franconville.fr\/wp-content\/uploads\/2020\/04\/Rue-de-Paris-2-437x600.jpg 437w, https:\/\/www.si-franconville.fr\/wp-content\/uploads\/2020\/04\/Rue-de-Paris-2-768x1054.jpg 768w, https:\/\/www.si-franconville.fr\/wp-content\/uploads\/2020\/04\/Rue-de-Paris-2-1119x1536.jpg 1119w, https:\/\/www.si-franconville.fr\/wp-content\/uploads\/2020\/04\/Rue-de-Paris-2-1492x2048.jpg 1492w, https:\/\/www.si-franconville.fr\/wp-content\/uploads\/2020\/04\/Rue-de-Paris-2-620x851.jpg 620w\" sizes=\"auto, (max-width: 1865px) 100vw, 1865px\" \/><\/p>\n<table style=\"border-collapse: collapse; width: 100%;\">\n<tbody>\n<tr>\n<td style=\"width: 100%;\"><span style=\"font-family: arial, helvetica, sans-serif; font-size: 14pt; background-color: #ffffff;\">De la rue de la Station au Boulevard Maurice Berteaux<\/span><\/td>\n<\/tr>\n<\/tbody>\n<\/table>\n<p><img loading=\"lazy\" decoding=\"async\" class=\"alignnone wp-image-2012 size-full\" src=\"http:\/\/www.si-franconville.fr\/wp-content\/uploads\/2020\/04\/Rue-de-Paris-3-scaled.jpg\" alt=\"\" width=\"1865\" height=\"2560\" srcset=\"https:\/\/www.si-franconville.fr\/wp-content\/uploads\/2020\/04\/Rue-de-Paris-3-scaled.jpg 1865w, https:\/\/www.si-franconville.fr\/wp-content\/uploads\/2020\/04\/Rue-de-Paris-3-219x300.jpg 219w, https:\/\/www.si-franconville.fr\/wp-content\/uploads\/2020\/04\/Rue-de-Paris-3-437x600.jpg 437w, https:\/\/www.si-franconville.fr\/wp-content\/uploads\/2020\/04\/Rue-de-Paris-3-768x1054.jpg 768w, https:\/\/www.si-franconville.fr\/wp-content\/uploads\/2020\/04\/Rue-de-Paris-3-1119x1536.jpg 1119w, https:\/\/www.si-franconville.fr\/wp-content\/uploads\/2020\/04\/Rue-de-Paris-3-1492x2048.jpg 1492w, https:\/\/www.si-franconville.fr\/wp-content\/uploads\/2020\/04\/Rue-de-Paris-3-620x851.jpg 620w\" sizes=\"auto, (max-width: 1865px) 100vw, 1865px\" \/><\/p>\n<table style=\"border-collapse: collapse; width: 100%;\">\n<tbody>\n<tr>\n<td style=\"width: 100%;\"><span style=\"font-family: arial, helvetica, sans-serif; font-size: 14pt; background-color: #ffffff;\">Du boulevard Maurice Berteaux \u00e0 la rue de Cormeilles<\/span><\/td>\n<\/tr>\n<\/tbody>\n<\/table>\n<p><img loading=\"lazy\" decoding=\"async\" class=\"alignnone wp-image-2013 size-full\" src=\"http:\/\/www.si-franconville.fr\/wp-content\/uploads\/2020\/04\/Rue-de-Paris-4-scaled.jpg\" alt=\"\" width=\"1865\" height=\"2560\" srcset=\"https:\/\/www.si-franconville.fr\/wp-content\/uploads\/2020\/04\/Rue-de-Paris-4-scaled.jpg 1865w, https:\/\/www.si-franconville.fr\/wp-content\/uploads\/2020\/04\/Rue-de-Paris-4-219x300.jpg 219w, https:\/\/www.si-franconville.fr\/wp-content\/uploads\/2020\/04\/Rue-de-Paris-4-437x600.jpg 437w, https:\/\/www.si-franconville.fr\/wp-content\/uploads\/2020\/04\/Rue-de-Paris-4-768x1054.jpg 768w, https:\/\/www.si-franconville.fr\/wp-content\/uploads\/2020\/04\/Rue-de-Paris-4-1119x1536.jpg 1119w, https:\/\/www.si-franconville.fr\/wp-content\/uploads\/2020\/04\/Rue-de-Paris-4-1492x2048.jpg 1492w, https:\/\/www.si-franconville.fr\/wp-content\/uploads\/2020\/04\/Rue-de-Paris-4-620x851.jpg 620w\" sizes=\"auto, (max-width: 1865px) 100vw, 1865px\" \/><\/p>\n<table style=\"border-collapse: collapse; width: 100%;\">\n<tbody>\n<tr>\n<td style=\"width: 100%;\"><span style=\"font-family: arial, helvetica, sans-serif; font-size: 14pt; background-color: #ffffff;\">De la rue de Cormeilles \u00e0 la rue Claude Bonne<\/span><\/td>\n<\/tr>\n<\/tbody>\n<\/table>\n<p><img loading=\"lazy\" decoding=\"async\" class=\"alignnone wp-image-2014 size-full\" src=\"http:\/\/www.si-franconville.fr\/wp-content\/uploads\/2020\/04\/Rue-de-Paris-5-scaled.jpg\" alt=\"\" width=\"1865\" height=\"2560\" srcset=\"https:\/\/www.si-franconville.fr\/wp-content\/uploads\/2020\/04\/Rue-de-Paris-5-scaled.jpg 1865w, https:\/\/www.si-franconville.fr\/wp-content\/uploads\/2020\/04\/Rue-de-Paris-5-219x300.jpg 219w, https:\/\/www.si-franconville.fr\/wp-content\/uploads\/2020\/04\/Rue-de-Paris-5-437x600.jpg 437w, https:\/\/www.si-franconville.fr\/wp-content\/uploads\/2020\/04\/Rue-de-Paris-5-768x1054.jpg 768w, https:\/\/www.si-franconville.fr\/wp-content\/uploads\/2020\/04\/Rue-de-Paris-5-1119x1536.jpg 1119w, https:\/\/www.si-franconville.fr\/wp-content\/uploads\/2020\/04\/Rue-de-Paris-5-1492x2048.jpg 1492w, https:\/\/www.si-franconville.fr\/wp-content\/uploads\/2020\/04\/Rue-de-Paris-5-620x851.jpg 620w\" sizes=\"auto, (max-width: 1865px) 100vw, 1865px\" \/><\/p>\n<table style=\"border-collapse: collapse; width: 100%;\">\n<tbody>\n<tr>\n<td style=\"width: 100%;\"><span style=\"font-family: arial, helvetica, sans-serif; font-size: 14pt; background-color: #ffffff;\">De la rue Claude Bonne \u00e0 la rue Jeune Blond<\/span><\/td>\n<\/tr>\n<\/tbody>\n<\/table>\n<p><img loading=\"lazy\" decoding=\"async\" class=\"alignnone wp-image-2015 size-full\" src=\"http:\/\/www.si-franconville.fr\/wp-content\/uploads\/2020\/04\/Rue-de-Paris-6-scaled.jpg\" alt=\"\" width=\"1865\" height=\"2560\" srcset=\"https:\/\/www.si-franconville.fr\/wp-content\/uploads\/2020\/04\/Rue-de-Paris-6-scaled.jpg 1865w, https:\/\/www.si-franconville.fr\/wp-content\/uploads\/2020\/04\/Rue-de-Paris-6-219x300.jpg 219w, https:\/\/www.si-franconville.fr\/wp-content\/uploads\/2020\/04\/Rue-de-Paris-6-437x600.jpg 437w, https:\/\/www.si-franconville.fr\/wp-content\/uploads\/2020\/04\/Rue-de-Paris-6-768x1054.jpg 768w, https:\/\/www.si-franconville.fr\/wp-content\/uploads\/2020\/04\/Rue-de-Paris-6-1119x1536.jpg 1119w, https:\/\/www.si-franconville.fr\/wp-content\/uploads\/2020\/04\/Rue-de-Paris-6-1492x2048.jpg 1492w, https:\/\/www.si-franconville.fr\/wp-content\/uploads\/2020\/04\/Rue-de-Paris-6-620x851.jpg 620w\" sizes=\"auto, (max-width: 1865px) 100vw, 1865px\" \/><\/p>\n<table style=\"border-collapse: collapse; width: 100%;\">\n<tbody>\n<tr>\n<td style=\"width: 100%;\"><span style=\"font-family: arial, helvetica, sans-serif; font-size: 14pt; background-color: #ffffff;\">A la rue de Taverny<\/span><\/td>\n<\/tr>\n<\/tbody>\n<\/table>\n<p>D\u00e9tail des habitations de la rue du G\u00e9n\u00e9ral Leclerc avant la r\u00e9novation, plan de 1962 r\u00e9alis\u00e9 par Mr Roullon g\u00e9om\u00e9tre, demande de la mairie. Je l&rsquo;ai coloris\u00e9 pour mieux voir les habitations et cours.<\/p>\n<p>&nbsp;<\/p>\n","protected":false},"excerpt":{"rendered":"<p>\u00a0Plan de 1962 avant la r\u00e9novation Rue du G\u00e9n\u00e9ral Leclerc La rue d&rsquo;Ermont La grande-Cour De l \u00e9glise \u00e0 la rue de La Station De la rue de la Station au Boulevard Maurice Berteaux Du boulevard Maurice Berteaux \u00e0 la rue de Cormeilles De la rue de Cormeilles \u00e0 la rue Claude Bonne De la [&hellip;]<\/p>\n","protected":false},"author":1,"featured_media":0,"parent":0,"menu_order":0,"comment_status":"closed","ping_status":"closed","template":"","meta":{"_monsterinsights_skip_tracking":false,"_monsterinsights_sitenote_active":false,"_monsterinsights_sitenote_note":"","_monsterinsights_sitenote_category":0,"footnotes":""},"class_list":["post-2003","page","type-page","status-publish","hentry"],"aioseo_notices":[],"_links":{"self":[{"href":"https:\/\/www.si-franconville.fr\/index.php\/wp-json\/wp\/v2\/pages\/2003","targetHints":{"allow":["GET"]}}],"collection":[{"href":"https:\/\/www.si-franconville.fr\/index.php\/wp-json\/wp\/v2\/pages"}],"about":[{"href":"https:\/\/www.si-franconville.fr\/index.php\/wp-json\/wp\/v2\/types\/page"}],"author":[{"embeddable":true,"href":"https:\/\/www.si-franconville.fr\/index.php\/wp-json\/wp\/v2\/users\/1"}],"replies":[{"embeddable":true,"href":"https:\/\/www.si-franconville.fr\/index.php\/wp-json\/wp\/v2\/comments?post=2003"}],"version-history":[{"count":8,"href":"https:\/\/www.si-franconville.fr\/index.php\/wp-json\/wp\/v2\/pages\/2003\/revisions"}],"predecessor-version":[{"id":3595,"href":"https:\/\/www.si-franconville.fr\/index.php\/wp-json\/wp\/v2\/pages\/2003\/revisions\/3595"}],"wp:attachment":[{"href":"https:\/\/www.si-franconville.fr\/index.php\/wp-json\/wp\/v2\/media?parent=2003"}],"curies":[{"name":"wp","href":"https:\/\/api.w.org\/{rel}","templated":true}]}}