{"id":1970,"date":"2020-03-25T10:10:26","date_gmt":"2020-03-25T09:10:26","guid":{"rendered":"http:\/\/www.si-franconville.fr\/?page_id=1970"},"modified":"2022-05-11T18:24:13","modified_gmt":"2022-05-11T16:24:13","slug":"les-poilus","status":"publish","type":"page","link":"https:\/\/www.si-franconville.fr\/index.php\/les-poilus\/","title":{"rendered":"les Poilus"},"content":{"rendered":"<table style=\"border-collapse: collapse; width: 63.2031%;\">\n<tbody>\n<tr>\n<td style=\"width: 100%;\"><span style=\"font-family: arial, helvetica, sans-serif; font-size: 14pt;\"><span style=\"background-color: #ff9900;\">\u00a0Liste des poilus que l&rsquo;on trouve \u00e0 Franconville sur le monument aux morts, le carr\u00e9 militaire, les plaques comm\u00e9moratives, les documents de la ville, le relev\u00e9 des convois et sur les tombes au cimeti\u00e8re.<\/span><br \/>\n<\/span><\/td>\n<\/tr>\n<\/tbody>\n<\/table>\n<p><img loading=\"lazy\" decoding=\"async\" class=\"alignnone wp-image-1972 size-full\" src=\"http:\/\/www.si-franconville.fr\/wp-content\/uploads\/2020\/03\/MORTS-DE-FRANCONVILLE-Site-jm2_001.jpg\" alt=\"\" width=\"793\" height=\"1122\" srcset=\"https:\/\/www.si-franconville.fr\/wp-content\/uploads\/2020\/03\/MORTS-DE-FRANCONVILLE-Site-jm2_001.jpg 793w, https:\/\/www.si-franconville.fr\/wp-content\/uploads\/2020\/03\/MORTS-DE-FRANCONVILLE-Site-jm2_001-212x300.jpg 212w, https:\/\/www.si-franconville.fr\/wp-content\/uploads\/2020\/03\/MORTS-DE-FRANCONVILLE-Site-jm2_001-424x600.jpg 424w, https:\/\/www.si-franconville.fr\/wp-content\/uploads\/2020\/03\/MORTS-DE-FRANCONVILLE-Site-jm2_001-768x1087.jpg 768w, https:\/\/www.si-franconville.fr\/wp-content\/uploads\/2020\/03\/MORTS-DE-FRANCONVILLE-Site-jm2_001-620x877.jpg 620w\" sizes=\"auto, (max-width: 793px) 100vw, 793px\" \/><\/p>\n<p><img loading=\"lazy\" decoding=\"async\" class=\"alignnone wp-image-1973 size-full\" src=\"http:\/\/www.si-franconville.fr\/wp-content\/uploads\/2020\/03\/MORTS-DE-FRANCONVILLE-Site-jm2_002.jpg\" alt=\"\" width=\"793\" height=\"1122\" srcset=\"https:\/\/www.si-franconville.fr\/wp-content\/uploads\/2020\/03\/MORTS-DE-FRANCONVILLE-Site-jm2_002.jpg 793w, https:\/\/www.si-franconville.fr\/wp-content\/uploads\/2020\/03\/MORTS-DE-FRANCONVILLE-Site-jm2_002-212x300.jpg 212w, https:\/\/www.si-franconville.fr\/wp-content\/uploads\/2020\/03\/MORTS-DE-FRANCONVILLE-Site-jm2_002-424x600.jpg 424w, https:\/\/www.si-franconville.fr\/wp-content\/uploads\/2020\/03\/MORTS-DE-FRANCONVILLE-Site-jm2_002-768x1087.jpg 768w, https:\/\/www.si-franconville.fr\/wp-content\/uploads\/2020\/03\/MORTS-DE-FRANCONVILLE-Site-jm2_002-620x877.jpg 620w\" sizes=\"auto, (max-width: 793px) 100vw, 793px\" \/><\/p>\n<table style=\"border-collapse: collapse; width: 62.0744%;\">\n<tbody>\n<tr>\n<td style=\"width: 100%;\"><span style=\"font-family: arial, helvetica, sans-serif;\">Les poilus de 1914-1918 \u00e0 Franconville<\/span><\/td>\n<\/tr>\n<\/tbody>\n<\/table>\n<p>&nbsp;<\/p>\n","protected":false},"excerpt":{"rendered":"<p>\u00a0Liste des poilus que l&rsquo;on trouve \u00e0 Franconville sur le monument aux morts, le carr\u00e9 militaire, les plaques comm\u00e9moratives, les documents de la ville, le relev\u00e9 des convois et sur les tombes au cimeti\u00e8re. Les poilus de 1914-1918 \u00e0 Franconville &nbsp;<\/p>\n","protected":false},"author":1,"featured_media":0,"parent":0,"menu_order":0,"comment_status":"closed","ping_status":"closed","template":"","meta":{"_monsterinsights_skip_tracking":false,"_monsterinsights_sitenote_active":false,"_monsterinsights_sitenote_note":"","_monsterinsights_sitenote_category":0,"footnotes":""},"class_list":["post-1970","page","type-page","status-publish","hentry"],"aioseo_notices":[],"_links":{"self":[{"href":"https:\/\/www.si-franconville.fr\/index.php\/wp-json\/wp\/v2\/pages\/1970","targetHints":{"allow":["GET"]}}],"collection":[{"href":"https:\/\/www.si-franconville.fr\/index.php\/wp-json\/wp\/v2\/pages"}],"about":[{"href":"https:\/\/www.si-franconville.fr\/index.php\/wp-json\/wp\/v2\/types\/page"}],"author":[{"embeddable":true,"href":"https:\/\/www.si-franconville.fr\/index.php\/wp-json\/wp\/v2\/users\/1"}],"replies":[{"embeddable":true,"href":"https:\/\/www.si-franconville.fr\/index.php\/wp-json\/wp\/v2\/comments?post=1970"}],"version-history":[{"count":5,"href":"https:\/\/www.si-franconville.fr\/index.php\/wp-json\/wp\/v2\/pages\/1970\/revisions"}],"predecessor-version":[{"id":3612,"href":"https:\/\/www.si-franconville.fr\/index.php\/wp-json\/wp\/v2\/pages\/1970\/revisions\/3612"}],"wp:attachment":[{"href":"https:\/\/www.si-franconville.fr\/index.php\/wp-json\/wp\/v2\/media?parent=1970"}],"curies":[{"name":"wp","href":"https:\/\/api.w.org\/{rel}","templated":true}]}}