{"id":1808,"date":"2020-02-24T15:21:56","date_gmt":"2020-02-24T14:21:56","guid":{"rendered":"http:\/\/www.si-franconville.fr\/?page_id=1808"},"modified":"2023-12-05T10:01:59","modified_gmt":"2023-12-05T09:01:59","slug":"les-residences","status":"publish","type":"page","link":"https:\/\/www.si-franconville.fr\/index.php\/les-residences\/","title":{"rendered":"Histoire de quelques rues"},"content":{"rendered":"<p><span style=\"font-family: arial, helvetica, sans-serif; font-size: 14pt; background-color: #ccffff; color: #000000;\">\u00a0 Un peu d&rsquo;histoire des maisons de quelques rues .<br \/>\n<\/span><\/p>\n<p><span style=\"font-family: arial, helvetica, sans-serif; font-size: 14pt; background-color: #ccffff; color: #000000;\">\u00a0Pour la rue du G\u00e9n\u00e9ral Leclerc les documents \u00e9tant ant\u00e9rieurs sont trait\u00e9 en rue de Paris .<\/span><\/p>\n<table style=\"border-collapse: collapse; width: 99.2098%; height: 154px;\">\n<tbody>\n<tr style=\"height: 24px;\">\n<td style=\"width: 25%; height: 24px;\"><span style=\"font-family: arial, helvetica, sans-serif; font-size: 14pt; background-color: #ccffff; color: #000000;\">\u00a0<a style=\"background-color: #ccffff; color: #000000;\" href=\"https:\/\/www.si-franconville.fr\/index.php\/les-rues\/\">Les rues \u00e0 propos .<\/a><\/span><\/td>\n<td style=\"width: 25.0878%; height: 24px;\"><span style=\"font-family: arial, helvetica, sans-serif; font-size: 14pt; background-color: #ccffff; color: #000000;\">\u00a0<a style=\"background-color: #ccffff; color: #000000;\" href=\"https:\/\/www.si-franconville.fr\/index.php\/bd-m-berteaux\/\">Boulevard Maurice Berteaux .<\/a><\/span><\/td>\n<td style=\"width: 24.9122%; height: 24px;\"><span style=\"font-family: arial, helvetica, sans-serif; font-size: 14pt; background-color: #ccffff; color: #000000;\">\u00a0<a style=\"background-color: #ccffff; color: #000000;\" href=\"https:\/\/www.si-franconville.fr\/index.php\/rue-cadet-de-vaux\/\">Rue Cadet de Vaux .<\/a><\/span><\/td>\n<td style=\"width: 24.2098%; height: 24px;\"><span style=\"background-color: #ccffff; color: #000000;\"><a style=\"background-color: #ccffff; color: #000000;\" href=\"https:\/\/www.si-franconville.fr\/index.php\/chaussee-jules-cesar\/\"><span style=\"font-family: arial, helvetica, sans-serif; font-size: 14pt; background-color: #ccffff;\">\u00a0Chauss\u00e9e Jules C\u00e9sar .<\/span><\/a><\/span><\/td>\n<\/tr>\n<tr style=\"height: 24px;\">\n<td style=\"width: 25%; height: 24px;\"><span style=\"background-color: #ccffff; color: #000000;\"><a style=\"background-color: #ccffff; color: #000000;\" href=\"https:\/\/www.si-franconville.fr\/index.php\/la-deviation\/\"><span style=\"font-family: arial, helvetica, sans-serif; font-size: 14pt; background-color: #ccffff;\">\u00a0La d\u00e9viation et l&rsquo;A15 .<\/span><\/a><\/span><\/td>\n<td style=\"width: 25.0878%; height: 24px;\"><span style=\"background-color: #ccffff; color: #000000;\"><a style=\"background-color: #ccffff; color: #000000;\" href=\"https:\/\/www.si-franconville.fr\/index.php\/lepine-guyon\/\"><span style=\"font-family: arial, helvetica, sans-serif; font-size: 14pt; background-color: #ccffff;\">\u00a0De l&rsquo;Epine-Guyon .<\/span><\/a><\/span><\/td>\n<td style=\"width: 24.9122%; height: 24px;\"><span style=\"font-family: arial, helvetica, sans-serif; font-size: 14pt; background-color: #ccffff; color: #000000;\">\u00a0<a style=\"background-color: #ccffff; color: #000000;\" href=\"https:\/\/www.si-franconville.fr\/index.php\/rue-de-lermitage\/\">Rue de l&rsquo;Ermitage .<\/a><\/span><\/td>\n<td style=\"width: 24.2098%; height: 24px;\"><span style=\"font-family: arial, helvetica, sans-serif; font-size: 14pt; background-color: #ccffff; color: #000000;\">\u00a0<a style=\"background-color: #ccffff; color: #000000;\" href=\"https:\/\/www.si-franconville.fr\/index.php\/route-dermont\/\">Route d&rsquo;Ermont .<\/a><\/span><\/td>\n<\/tr>\n<tr style=\"height: 24px;\">\n<td style=\"width: 25%; height: 24px;\"><span style=\"background-color: #ccffff; color: #000000;\"><a style=\"background-color: #ccffff; color: #000000;\" href=\"https:\/\/www.si-franconville.fr\/index.php\/rue-dermont\/\"><span style=\"font-family: arial, helvetica, sans-serif; font-size: 14pt; background-color: #ccffff;\">\u00a0Rue d&rsquo;Ermont .<\/span><\/a><\/span><\/td>\n<td style=\"width: 25.0878%; height: 24px;\"><span style=\"font-family: arial, helvetica, sans-serif; font-size: 14pt; background-color: #ccffff; color: #000000;\">\u00a0<a style=\"background-color: #ccffff; color: #000000;\" href=\"https:\/\/www.si-franconville.fr\/index.php\/rue-de-cormeilles\/\">Rue de Cormeilles .<\/a><\/span><\/td>\n<td style=\"width: 24.9122%; height: 24px;\"><span style=\"font-family: arial, helvetica, sans-serif; font-size: 14pt; background-color: #ccffff; color: #000000;\">\u00a0<a style=\"background-color: #ccffff; color: #000000;\" href=\"https:\/\/www.si-franconville.fr\/index.php\/rue-gabriel-bertin\/\">Rue Gabriel Bertin .<\/a><\/span><\/td>\n<td style=\"width: 24.2098%; height: 24px;\"><span style=\"font-family: arial, helvetica, sans-serif; font-size: 14pt; background-color: #ccffff; color: #000000;\">\u00a0<a style=\"background-color: #ccffff; color: #000000;\" href=\"https:\/\/www.si-franconville.fr\/index.php\/rue-galilee\/\">Rue Galil\u00e9e .<\/a><\/span><\/td>\n<\/tr>\n<tr style=\"height: 24px;\">\n<td style=\"width: 25%; height: 10px;\"><span style=\"background-color: #ccffff; color: #000000;\"><a style=\"background-color: #ccffff; color: #000000;\" href=\"https:\/\/www.si-franconville.fr\/index.php\/2-rue-de-paris\/\"><span style=\"font-family: arial, helvetica, sans-serif; font-size: 14pt; background-color: #ccffff;\">Rue de Paris N\u00b0 2 .<\/span><\/a><\/span><\/td>\n<td style=\"width: 25.0878%; height: 10px;\"><span style=\"font-family: arial, helvetica, sans-serif; font-size: 14pt; background-color: #ccffff; color: #000000;\">\u00a0<a style=\"background-color: #ccffff; color: #000000;\" href=\"https:\/\/www.si-franconville.fr\/index.php\/rue-de-paris-n-6\/\">Rue de Paris N\u00b0 6 .<\/a><\/span><\/td>\n<td style=\"width: 24.9122%; height: 10px;\"><span style=\"font-family: arial, helvetica, sans-serif; font-size: 14pt; background-color: #ccffff; color: #000000;\">\u00a0<a style=\"background-color: #ccffff; color: #000000;\" href=\"https:\/\/www.si-franconville.fr\/index.php\/83-rue-du-gal-leclerc\/\">Rue de Paris N\u00b0 11 .<\/a><\/span><\/td>\n<td style=\"width: 24.2098%; height: 10px;\"><span style=\"font-family: arial, helvetica, sans-serif; font-size: 14pt; background-color: #ccffff; color: #000000;\">\u00a0<a style=\"background-color: #ccffff; color: #000000;\" href=\"https:\/\/www.si-franconville.fr\/index.php\/22-rue-de-paris\/\">Rue de Paris N\u00b0 22 .<\/a><\/span><\/td>\n<\/tr>\n<tr style=\"height: 24px;\">\n<td style=\"width: 25%; height: 24px;\"><span style=\"font-family: arial, helvetica, sans-serif; font-size: 14pt; background-color: #ccffff; color: #000000;\">\u00a0<a style=\"background-color: #ccffff; color: #000000;\" href=\"https:\/\/www.si-franconville.fr\/index.php\/46-rue-de-paris\/\">Rue de Paris N\u00b0 46 .<\/a><\/span><\/td>\n<td style=\"width: 25.0878%; height: 24px;\"><span style=\"font-family: arial, helvetica, sans-serif; font-size: 14pt; background-color: #ccffff; color: #000000;\">\u00a0<a style=\"background-color: #ccffff; color: #000000;\" href=\"https:\/\/www.si-franconville.fr\/index.php\/81-rue-de-paris\/\">Rue de Paris N\u00b0 81 .<\/a><\/span><\/td>\n<td style=\"width: 24.9122%; height: 24px;\"><span style=\"font-family: arial, helvetica, sans-serif; font-size: 14pt; background-color: #ccffff; color: #000000;\">\u00a0<a style=\"background-color: #ccffff; color: #000000;\" href=\"https:\/\/www.si-franconville.fr\/index.php\/82-rue-de-paris\/\">Rue de Paris N\u00b0 82 .<\/a><\/span><\/td>\n<td style=\"width: 24.2098%; height: 24px;\"><span style=\"font-family: arial, helvetica, sans-serif; background-color: #ccffff; color: #000000;\">\u00a0<a style=\"background-color: #ccffff; color: #000000;\" title=\"Rue de Paris 89\" href=\"https:\/\/www.si-franconville.fr\/index.php\/89-rue-de-paris\/\"><span style=\"font-size: 14pt; background-color: #ccffff;\">Rue de Paris N\u00b0 89<\/span><\/a><\/span><\/td>\n<\/tr>\n<tr style=\"height: 24px;\">\n<td style=\"width: 25%; height: 24px;\"><span style=\"background-color: #ccffff; color: #000000;\"><a style=\"background-color: #ccffff; color: #000000;\" href=\"https:\/\/www.si-franconville.fr\/index.php\/124-rue-de-paris\/\"><span style=\"font-family: arial, helvetica, sans-serif; font-size: 14pt; background-color: #ccffff;\">\u00a0Rue de Paris N\u00b0 124<\/span><\/a><\/span><\/td>\n<td style=\"width: 25.0878%; height: 24px;\"><span style=\"font-family: arial, helvetica, sans-serif; font-size: 14pt; background-color: #ccffff; color: #000000;\">\u00a0<a style=\"background-color: #ccffff; color: #000000;\" href=\"https:\/\/www.si-franconville.fr\/index.php\/161-rue-de-paris\/\">Rue de Paris N\u00b0 161 .<\/a><br \/>\n<\/span><\/td>\n<td style=\"width: 24.9122%; height: 24px;\"><span style=\"font-family: arial, helvetica, sans-serif; font-size: 14pt; background-color: #ccffff; color: #000000;\"><a style=\"background-color: #ccffff; color: #000000;\" href=\"https:\/\/www.si-franconville.fr\/index.php\/rue-de-paris-143\/\">Rue de Paris N\u00b0 143 .<\/a><br \/>\n<\/span><\/td>\n<td style=\"width: 24.2098%; height: 24px;\"><span style=\"font-family: arial, helvetica, sans-serif; font-size: 14pt; background-color: #ccffff; color: #000000;\"><a style=\"background-color: #ccffff; color: #000000;\" title=\"Rue de Paris 233\" href=\"https:\/\/www.si-franconville.fr\/index.php\/rue-de-paris-233\/\">Rue de Paris N\u00b0233<\/a> .<br \/>\n<\/span><\/td>\n<\/tr>\n<tr style=\"height: 24px;\">\n<td style=\"width: 25%; height: 24px;\"><span style=\"background-color: #ccffff; color: #000000;\"><a style=\"background-color: #ccffff; color: #000000;\" href=\"https:\/\/www.si-franconville.fr\/index.php\/43-rue-du-plessis-bouchard\/\"><span style=\"font-family: arial, helvetica, sans-serif; font-size: 14pt; background-color: #ccffff;\">\u00a0Rue du Plessis N\u00b0 43<\/span><\/a><\/span><\/td>\n<td style=\"width: 25.0878%; height: 24px;\"><span style=\"background-color: #ccffff; color: #000000;\"><a style=\"background-color: #ccffff; color: #000000;\" href=\"https:\/\/www.si-franconville.fr\/index.php\/rue-de-la-justice\/\"><span style=\"font-family: arial, helvetica, sans-serif; font-size: 14pt; background-color: #ccffff;\">\u00a0Rue de la Justice .<\/span><\/a><\/span><\/td>\n<td style=\"width: 24.9122%; height: 24px;\"><span style=\"font-family: arial, helvetica, sans-serif; font-size: 14pt; background-color: #ccffff; color: #000000;\">\u00a0<a style=\"background-color: #ccffff; color: #000000;\" href=\"https:\/\/www.si-franconville.fr\/index.php\/15-rue-de-la-station\/\">Rue de la Station N\u00b0 15 .<\/a><\/span><\/td>\n<td style=\"width: 24.2098%; height: 24px;\"><span style=\"font-family: arial, helvetica, sans-serif; font-size: 14pt; background-color: #ccffff; color: #000000;\">\u00a0<a style=\"background-color: #ccffff; color: #000000;\" href=\"https:\/\/www.si-franconville.fr\/index.php\/le-28-rue-de-la-station\/\">Rue de la Station N\u00b0 28 .<\/a><\/span><\/td>\n<\/tr>\n<\/tbody>\n<\/table>\n<table style=\"border-collapse: collapse; width: 100%;\">\n<tbody>\n<tr>\n<td style=\"width: 25%;\"><span style=\"background-color: #ccffff; color: #000000;\"><a style=\"background-color: #ccffff; color: #000000;\" href=\"https:\/\/www.si-franconville.fr\/index.php\/rue-tailhade\/\"><span style=\"font-family: arial, helvetica, sans-serif; font-size: 14pt; background-color: #ccffff;\">\u00a0Rue Tailhade .<\/span><\/a><\/span><\/td>\n<td style=\"width: 25%;\"><span style=\"background-color: #ccffff; color: #000000;\">\u00a0<span style=\"font-family: arial, helvetica, sans-serif; font-size: 14pt; background-color: #ccffff;\">Rue Hamelin .<\/span><\/span><\/td>\n<td style=\"width: 25%;\"><\/td>\n<td style=\"width: 25%;\"><\/td>\n<\/tr>\n<\/tbody>\n<\/table>\n","protected":false},"excerpt":{"rendered":"<p>\u00a0 Un peu d&rsquo;histoire des maisons de quelques rues . \u00a0Pour la rue du G\u00e9n\u00e9ral Leclerc les documents \u00e9tant ant\u00e9rieurs sont trait\u00e9 en rue de Paris . \u00a0Les rues \u00e0 propos . \u00a0Boulevard Maurice Berteaux . \u00a0Rue Cadet de Vaux . \u00a0Chauss\u00e9e Jules C\u00e9sar . \u00a0La d\u00e9viation et l&rsquo;A15 . \u00a0De l&rsquo;Epine-Guyon . \u00a0Rue de [&hellip;]<\/p>\n","protected":false},"author":1,"featured_media":0,"parent":0,"menu_order":0,"comment_status":"closed","ping_status":"closed","template":"","meta":{"_monsterinsights_skip_tracking":false,"_monsterinsights_sitenote_active":false,"_monsterinsights_sitenote_note":"","_monsterinsights_sitenote_category":0,"footnotes":""},"class_list":["post-1808","page","type-page","status-publish","hentry"],"aioseo_notices":[],"_links":{"self":[{"href":"https:\/\/www.si-franconville.fr\/index.php\/wp-json\/wp\/v2\/pages\/1808","targetHints":{"allow":["GET"]}}],"collection":[{"href":"https:\/\/www.si-franconville.fr\/index.php\/wp-json\/wp\/v2\/pages"}],"about":[{"href":"https:\/\/www.si-franconville.fr\/index.php\/wp-json\/wp\/v2\/types\/page"}],"author":[{"embeddable":true,"href":"https:\/\/www.si-franconville.fr\/index.php\/wp-json\/wp\/v2\/users\/1"}],"replies":[{"embeddable":true,"href":"https:\/\/www.si-franconville.fr\/index.php\/wp-json\/wp\/v2\/comments?post=1808"}],"version-history":[{"count":14,"href":"https:\/\/www.si-franconville.fr\/index.php\/wp-json\/wp\/v2\/pages\/1808\/revisions"}],"predecessor-version":[{"id":4349,"href":"https:\/\/www.si-franconville.fr\/index.php\/wp-json\/wp\/v2\/pages\/1808\/revisions\/4349"}],"wp:attachment":[{"href":"https:\/\/www.si-franconville.fr\/index.php\/wp-json\/wp\/v2\/media?parent=1808"}],"curies":[{"name":"wp","href":"https:\/\/api.w.org\/{rel}","templated":true}]}}